-11). Let j be (9/l)/(18/(-60)). Let s(x) = -x + 4. What is s(j)?
-2
Let z(p) = -4 - p**2 + 17 + p - 9 - 10. What is z(0)?
-6
Let a be 1/3 + 1 + (-338)/78. Let u(f) = -2*f**2 - 3*f + 2. Determine u(a).
-7
Let z(r) = 2*r**3 - 8*r**2 + 3*r + 3. Let u(j) = -j**3 + j**2 - 1. Let v(l) = -3*u(l) - z(l). Calculate v(-6).
-18
Let v(c) = -c**3 + c**2 + 2*c + 1. Let r = -21 + 16. Let m(a) = 2*a**3 - 2*a**2 - 5*a - 3. Let g(h) = r*v(h) - 2*m(h). What is g(0)?
1
Let l(x) = x**3 + 12*x**2 + 11*x + 7. Let p(u) = 5*u - 1. Let z be p(-2). Determine l(z).
7
Let k(t) = -6*t. Let m be k(-2). Let h(a) = -m + 10 + 7 - a - 2*a. What is h(5)?
-10
Suppose f - 2*b + 0 = 5, 3*f = 4*b + 9. Let z(y) = -13*y**2 + 6*y - 6. Let j(i) = -38*i**2 + 17*i - 17. Let a = 36 + -19. Let h(x) = a*z(x) - 6*j(x). Give h(f).
7
Let q(u) = -10 - u + 2 + 3*u. What is q(8)?
8
Let a(r) = r**3 - 2 - r - 3*r**2 - 2 - r**2. Let g be ((-2)/(-4))/(7/56). Suppose -g*y = -y - 12. What is a(y)?
-8
Let s(h) be the second derivative of 1/6*h**3 + 0 + h - 1/20*h**5 + 0*h**4 - 5*h**2. Suppose 8*o = 6*o. What is s(o)?
-10
Let b(p) be the first derivative of p**3/3 - 9*p**2/2 + 2*p - 5. What is b(8)?
-6
Let y(x) = -x**2 - 9*x - 13. Let f be y(-5). Let t(c) = -c**2 + 8*c - 4. Calculate t(f).
3
Suppose q = 6 + 3. Let r(j) = 19*j - q*j - 5*j. Calculate r(-1).
-5
Let c(p) = -p**3 + 8*p**2 - p - 7. Let v be (5 - -2) + 4/4. What is c(v)?
-15
Let x = 26 - 36. Let z = x + 5. Let c(q) = 11 + q + 1 + 0*q. Calculate c(z).
7
Let o(b) = b**3 - 9*b**2 - 3*b + 22. Let j be o(9). Let x(p) = -6*p - 7. Calculate x(j).
23
Let v(q) = q**3 + 19*q**2 + 18*q + 6. Let f be v(-18). Let m(n) = -2*n + 6. What is m(f)?
-6
Let l(s) be the second derivative of s**5/60 + s**3/2 - 2*s. Let y(x) be the second derivative of l(x). Give y(-4).
-8
Let a be 54/7 - (-16)/56. Let x(z) = -87*z + a + 0 + 80*z + z**2. Give x(6).
2
Let k be (-6)/9 - 148/(-6). Suppose 3*z + 3*z - k = 0. Let p(u) = u**2 - 4*u - 1. What is p(z)?
-1
Let d(f) = -4*f**2 + 3*f + 10. Let k(v) = 7*v**2 - 5*v - 19. Suppose 0*p - 5 = -p. Let w(r) = p*d(r) + 3*k(r). Let x be 0*((-1)/1 - 0). Determine w(x).
-7
Suppose 5*t - 4*j - 11 = 0, 0 = t + t + j + 6. Let p(c) = 2*c**3 - c**2 + 1. Determine p(t).
-2
Let v(b) be the second derivative of -b**5/60 + 5*b**4/24 + b**3/2 - b**2 + b. Let m(t) be the first derivative of v(t). Calculate m(4).
7
Let f(k) be the first derivative of k**2/2 + 14*k - 2. Let o be f(-10). Let i(u) = u - 2. What is i(o)?
2
Let t(i) = i + 7. Let w be t(-6). Let o(u) = -8*u**2 - 1. Give o(w).
-9
Let u(x) = 6*x**3 - 4*x**2 - 7*x + 4. Let q(m) = -m**3. Let b(f) = 5*q(f) + u(f). Let r = 21 - 16. Determine b(r).
-6
Let z(b) = b**3 + b**2 - 3*b + 2. Suppose -4*q + 3*q = 3. What is z(q)?
-7
Let o(n) = n**2 - 4*n + 3. Suppose 3*q - 3 - 12 = 0. What is o(q)?
8
Let v(s) = 0*s**3 - 3*s**2 - s**3 - 1 - s**2 + 5. What is v(-4)?
4
Let g(f) = -1 + 3 - 7*f - 3. Suppose -2*n + 2 = 0, 3*c - 2*n + 3 + 2 = 0. Determine g(c).
6
Let o(x) = x**2 - x - 6. Let l(y) = -y**2 + 5. Let f(p) = 4*l(p) + 3*o(p). Determine f(-3).
2
Let p(u) = u**3 + 5*u**2 + 6*u + 5. Let j be (-20)/(-2)*9/6. Suppose -j = -2*m - 7. Suppose -5*x + m*s - 8 = 0, 0*x - 5*s = x + 19. Determine p(x).
-3
Let c(f) be the second derivative of 1/6*f**3 + 4*f**2 + 4*f + 0. What is c(-5)?
3
Let o = 64 - 69. Let n(d) = d - 7. Determine n(o).
-12
Let j(t) be the second derivative of -t**4/6 - t**3/2 + t. Let r(z) = z**2 - 7*z - 10. Let s be r(8). Let h be (12/(-15))/(s/(-5)). Determine j(h).
-2
Let z(i) = 2*i**2 + i + 2. Let m be (-3)/12*(1 + 3). Let k(t) = -1 + 4*t**2 + 0 - 3*t**2. Let f(x) = m*z(x) + 3*k(x). Calculate f(0).
-5
Let x(y) = y + 5. Let i(n) = n + 3 - 3. Let o be i(4). Suppose o*r = -0*r - 16. Calculate x(r).
1
Let w(l) be the third derivative of -l**4/8 + l**3/6 + 4*l**2. Give w(1).
-2
Let x(s) = 28*s**3 - s - 14*s**3 - 13*s**3 - 1 - 3*s**2. What is x(3)?
-4
Let x(a) = -2*a**2 - 3*a - 2. Let b(l) = l**3 + 2*l**2 + 2. Let r be b(-2). Suppose -w + 1 = 4, -3*v - r*w - 12 = 0. Calculate x(v).
-4
Let v(d) = d. Let z(n) = 12 - 5 + 9*n - 5*n. Let x(o) = 3*v(o) - z(o). Suppose 0 = f - 3*f. Determine x(f).
-7
Let h(y) = -2*y - 1. Let m = 25 - 28. Determine h(m).
5
Let l(h) = h**2 + h + 1. Let m(i) = i**3 + 2*i**2 + i + 1. Suppose 9*y = 4*y - 15. Let z be y/4 + 10/(-8). Let p be m(z). What is l(p)?
1
Let x be 0 - (2 + -2 + -9). Suppose 21 + x = 3*z. Suppose -k + z = -3*k. Let d(i) = -i**2 - 6*i - 3. Give d(k).
2
Let z(a) = a - 3. Let q = -11 - -14. What is z(q)?
0
Let c = -2 + -1. Let v be 3 + (-2)/2*1. Let z(q) = -2 - v - 4*q + 1. Determine z(c).
9
Let y be (0/(3 + -6))/2. Suppose 4*u = -y*u. Let d(g) be the first derivative of g**4/4 - g**3/3 + g**2/2 + 9*g - 3. Calculate d(u).
9
Let o(s) = 1. Let k(r) = -r + 16. Let d(z) = -k(z) + 4*o(z). Give d(0).
-12
Let b(g) be the third derivative of -g**6/120 + g**5/60 - g**4/12 + g**3/6 - 2*g**2. Give b(2).
-7
Let k = 1 - -2. Suppose -k*j + 8 = -7. Let b(p) = -p + j*p - 1 + p. Calculate b(1).
4
Let f = 104 - 108. Let u(y) be the second derivative of y**4/12 + y**3/3 + y**2/2 - 2*y. Determine u(f).
9
Suppose 19 - 15 = -v. Let i(z) = -2*z - 5. Let p(w) = w + 3. Let x(h) = 3*i(h) + 7*p(h). What is x(v)?
2
Let g = 2 + -2. Suppose g = -3*p - p. Suppose -2*x - 5*w + 15 - 4 = p, 5*x + 5*w = 5. Let k(o) = o**2 + 3*o - 2. Calculate k(x).
-4
Let b be -4*((2 - 1) + -2). Let s(v) = -v. Let y(j) = -2*j. Let u(t) = -t**3 + 4*t**2 - 3*t - 1. Let i be u(3). Let h(p) = i*y(p) + s(p). What is h(b)?
4
Let k = -2 + -13. Let t be ((-36)/15)/(6/k). Let l(d) = d**2 - 5*d - 1. Determine l(t).
5
Let u be (1 - 0) + 1 + 0. Suppose u*o = 2*x - 2, 5*x - 1 - 4 = 0. Let a(y) = 0*y + 3*y + 5 - 2*y. Determine a(o).
5
Let g(b) = -b**2 - 4*b + 13. Let w be g(-5). Let n(p) = p**2 - 10*p + 1. What is n(w)?
-15
Suppose -9 = 3*j + 2*w, 4*j - j - 4*w = -9. Let s(p) = -p**2 - 3*p - 1. What is s(j)?
-1
Let v(m) = m**3 - m**2 + 1. Let j = -10 - -5. Let l = -6 - j. Give v(l).
-1
Let u(b) be the second derivative of -b**5/20 - b**4/2 - 5*b**2/2 - 4*b. Determine u(-6).
-5
Let t(d) = d**3 + d**2 - d + 5. Let y be t(0). Suppose 0 = -4*b - y - 3. Let g(j) = j**2 + 0 - 5*j**3 + 6*j**3 - 1. What is g(b)?
-5
Let k(r) = -4*r**2 + 58*r - 111*r + 54*r. What is k(2)?
-14
Let x(c) = -6*c**2. Let r be (2/(-8))/((-15)/60). Give x(r).
-6
Let x = -6 + 8. Suppose 10 - 4 = -x*s. Let a(u) = -2*u**2 + 1 - u**3 + 4*u - 3 + 6 + 0. What is a(s)?
1
Let s(b) = b**2 + 4*b + 6. Suppose 4*i - i - 9 = 0. Let h be (4/3)/((-1)/i). Let z = h - 0. Determine s(z).
6
Let q(y) = 0 + 2 + 0 + 4*y - 2*y. Suppose -1 = 2*k + 17. Let s = 6 + k. Give q(s).
-4
Suppose 3*k = -u - 1, 2*k = 5*u - 2*k - 52. Let m(t) = -3*t + 3*t**2 - u*t**2 - 2 + 2*t + t**3 + t**2. Let y = -11 - -15. Calculate m(y).
-6
Let j(y) = -9*y + 17. Let s be j(1). Let r(v) = -v**2 + 8*v + 8. Calculate r(s).
8
Let k be (4 - (-6 + 10))*(-2)/(-6). Let c(j) be the third derivative of -1/120*j**6 + 1/24*j**4 + k + 3*j**2 + 0*j + 0*j**3 + 0*j**5. What is c(-2)?
6
Let a be 2/(4 + (-3)/1). Let h(i) = 7*i. Determine h(a).
14
Let h = 7 - 13. Let g(p) = 2*p + 6. Calculate g(h).
-6
Suppose -3*h + 6 = 5*k, -5*k = h - 7 - 5. Let w(g) be the first derivative of 2*g**2 + 1/4*g**4 - 3*g - k + 5/3*g**3. Give w(-4).
-3
Let h(u) = 4*u**2 + 6*u**3 - 4*u**3 - u**2 - 1. Let w(d) = -d**3 + d**2 + 2. Suppose 4 = 3*m - 2. Let s be w(m). Give h(s).
-5
Let u(m) be the second derivative of 1/2*m**2 + 2*m + 0 - m**3. Give u(1).
-5
Let m(p) = -4*p**2 + 15*p + 9. Let t(c) = -6*c**2 + 23*c + 14. Let w(i) = 8*m(i) - 5*t(i). Give w(4).
-10
Suppose 0 = -l - l + 4. Suppose -l = r - 3*r. Let n(q) = -3*q - 3 + 4 + r. Give n(3).
-7
Let w = -3 + 6. Let y(q) = -q + 2. Let p(n) = 1. Let s(b) = -5*p(b) + 2*y(b). Calculate s(w).
-7
Suppose -j + 24 = -6*j - 2*x, 4*j + 20 = -2*x. Let s(m) = -m**2 - m - 4. Calculate s(j).
-16
Let o(w) = -34 + 35 - w - w + 6*w**2. Let b be ((-2)/(-4)*(4 - 10))/(-3). Determine o(b).
5
Suppose 0 = g - 14*g - 117. Let z(a) = a**2 + 9*a - 11. Give z(g).
-11
Let k(s) = 0*s - 9*s - 4*s**2 + 6*s. Determine k(-2).
-10
Let c(v) = v**3 - v + 1. Let k(s) = -5*s**3 - 4*s**2 + 7*s - 7. Let y(o) = -4*c(o) - k(o). Let d(j) = -j - 9. Let n be d(-4). Give y(n).
-7
Let l(u) be the third derivative of -u**4/24 - u**3/